15)?
8
Let i(d) = 4*d - 20. Let x(r) = 0*r + 60 + 3*r - 80. Let n(k) = 5*i(k) - 6*x(k). What is the units digit of n(-5)?
0
What is the tens digit of ((-225)/15 - -5444) + -5?
2
Suppose 0 = 2*t + 5*g + 8, -2*g + 9 = -4*t - 7. What is the tens digit of (-100)/125*2830/t?
6
Suppose -3*l + 3*c - 8745 = -49845, 2*c = 4*l - 54812. What is the hundreds digit of l?
7
Let b = 56 + -15. Let k = -89 + b. What is the tens digit of (2 + 2)/((-6)/k)?
3
Suppose -3 = 6*p - 7*p, -4*v = 3*p - 22169. What is the thousands digit of v?
5
Suppose -47*c + 6*v = -43*c - 75468, 0 = c - 4*v - 18887. What is the tens digit of c?
5
Let m(w) = -249*w**2. Let g = 111 - 112. Let b be m(g). What is the hundreds digit of 1 - (1 - -4) - b?
2
Let r(v) = 12047*v + 261. What is the units digit of r(2)?
5
Let j(f) = 24*f**2 - 7*f - 13. Let i be j(-2). Let k = i - -509. What is the hundreds digit of k?
6
Let g = -40 - -20. Let o be 0/(8/(g/5)). Suppose 5*v + o = -5, -j + 2*v + 75 = 0. What is the tens digit of j?
7
Let i(l) = -l**3 + 14*l**2 - 15*l + 3. Let x be i(10). Let m = x + -165. What is the units digit of m?
8
Let m be (-10 - -3 - -62)*(-12)/15. What is the units digit of (-51768)/m + 18/(-33)?
6
Suppose 2245089 = 245*n + 397001 - 5143722. What is the hundreds digit of n?
5
Let b(s) = s**3 + 68*s**2 + 225*s - 143. What is the units digit of b(-39)?
1
Let z = -1156 - -2016. Let j = z - 487. What is the units digit of j?
3
Let l(w) = -42429*w**3 + 3*w**2 + 57*w + 56. What is the hundreds digit of l(-1)?
4
Let b(z) = z**3 + 7*z**2 + z + 11. Let n be b(24). Suppose 35*f = n - 4206. What is the hundreds digit of f?
3
Let j(v) = v - 2*v**3 + 3*v**3 - 30*v**3. Let n be j(1). Let r = -12 - n. What is the units digit of r?
6
Suppose -639 = 6*a - 3*a. Let t be 2/((4 - 3)*(-1)/a). Let q = -193 + t. What is the units digit of q?
3
Suppose -46 = -3*l + 4*h, 3*h = 5*l - 22 - 40. Suppose -33668 = -28*c - l*c. What is the tens digit of c?
8
Suppose -15*x + 18461 = 5*h - 11*x, 0 = -5*x - 30. What is the tens digit of h?
9
Let y be 10/35 + (-754)/(-7). Suppose 1027 - 175 = -12*b. Let z = y - b. What is the hundreds digit of z?
1
Let d = 16826 + -16581. What is the units digit of d?
5
Let o(x) = 161*x**3 + 57*x**2 - 5*x + 18. What is the units digit of o(6)?
6
Let j be 9*(2 - 332/6). Let l be j/(-8)*(-22)/(-4). Let c = -189 + l. What is the units digit of c?
1
Suppose -2*p = 2*d - 5*p - 39157, 3*d - 58727 = -4*p. What is the units digit of d?
7
Let x(a) = 4*a + 28 + 6*a**2 - 3*a - 5*a**2. What is the tens digit of x(23)?
8
Suppose -69*t + 75*t = -32328. What is the tens digit of (-30)/(-165) - (t/11 + 3)?
8
Suppose 15*m = 5*m - 22370. Let s = -1329 - m. What is the tens digit of s?
0
Let u(r) = 2*r + 17. Let y be u(-7). Suppose 8 = 2*q - q - y*h, -q = -4*h - 10. Suppose q*n = 68 + 108. What is the units digit of n?
8
Let m(h) = 75*h**2 + 29*h + 321. What is the units digit of m(-9)?
5
Suppose -5889 = -2*f - 1659. What is the hundreds digit of f?
1
Let h(s) = 4372*s**2 + 54*s - 152. What is the thousands digit of h(3)?
9
Suppose 3*j + 0*q - 35 = 5*q, 19 = 2*j + q. Let x be (-4392)/(-40) - (-2)/j. Suppose -w + 220 = 4*h + 2*w, -2*h + x = -3*w. What is the tens digit of h?
5
Let k = 30349 - 15326. What is the hundreds digit of k?
0
Let u be (-185)/(-5) - (-3)/((-2)/2). Suppose -18*a = -u*a + 1424. What is the units digit of a?
9
Let x = 72479 + -21994. What is the ten thousands digit of x?
5
Let y be (-2 - -1*(-2 - 6))/(-2). Let z(i) = i**3 - 6*i**2 + 8*i + 1. Let g be z(y). What is the tens digit of -1*g/20*-5 + 144?
4
What is the hundreds digit of 185/45 - 4 - (-8 + 4173648/(-108))?
6
Suppose -v = -3*v + 182. Suppose -104*u - 30 = -114*u. Suppose -m + u*l + v = 0, -2*l + 455 = 5*m - 5*l. What is the units digit of m?
1
Let m(s) = 1861*s + 320. What is the hundreds digit of m(2)?
0
Let k(f) = -4*f. Let i be k(-3). Suppose 5*t = -n + 127 + 851, 0 = -4*n + i. Let g = t - 101. What is the units digit of g?
4
Suppose 15*m - 2588 = 172. What is the tens digit of (m/(-138))/(3/(8406/(-4)))?
3
Suppose 0 = 3*m + 4*o - 4383, -4*o - 7340 = -5*m + o. Suppose 725 + m = 10*i. What is the tens digit of i?
1
Let k = 174 + -179. What is the tens digit of 3/k - (-766)/10?
7
Let k(z) = 9*z**3 + 5*z**2 - 7*z + 49. Let g be k(6). Suppose -14*x + 2839 = -g. What is the hundreds digit of x?
3
Let m = -13036 - -28837. What is the units digit of m?
1
What is the tens digit of 7*(6 - -5872) + -13 + 21?
5
Let t(j) = -66*j**3 - 13*j**2 + 3*j + 20. What is the thousands digit of t(-4)?
4
Suppose 0 = -6*p + p + 45. Let b = 2 + p. Suppose 4*h + 224 = b*h. What is the units digit of h?
2
Let v be (-6)/4*6/3. Let r(d) = d**2 - 2*d. Let z(o) = -2*o**2 + 12*o + 10. Let t(p) = 3*r(p) + z(p). What is the units digit of t(v)?
1
Let c(d) = d**2 + 25*d + 45 - 9*d - 10. Let f be c(-14). Suppose f*v = 3*v + 200. What is the tens digit of v?
5
Suppose 35*m - 3*m = 465888. What is the units digit of m?
9
Suppose -5*c + 8 + 7 = 2*a, 5*a = -2*c - 15. Suppose 7*h - c*h = 548. What is the tens digit of h?
7
Let g = 358 - 358. Suppose g = -4*s + 2080 + 28. What is the units digit of s?
7
Suppose 66*t + 4640566 = 97*t + 78*t. What is the thousands digit of t?
2
Let p(c) = 13*c + 27. Let m(f) = 7*f + 14. Suppose 2*n - 7 + 15 = 0. Let j(w) = n*p(w) + 7*m(w). What is the tens digit of j(-14)?
3
Let o(a) = 3*a**2 - 28*a + 60. Let g be o(21). Let b = -301 + g. What is the hundreds digit of b?
4
Let v(d) = -d**3 - 7*d**2 - 2*d + 5. Let t be v(5). Let z = 514 + t. What is the tens digit of z?
0
Let n be (-6)/(-5)*(10 + (-16 - -11)). What is the tens digit of (5/15)/(n/18252)?
1
Let j(c) = -74*c**3 - 12*c**2 - 7*c + 17. What is the units digit of j(-9)?
4
Let z(b) = -b + 24 - 3*b - 20. Let y be z(-4). Suppose y - 107 = -3*r. What is the tens digit of r?
2
Let v = 71746 - 38285. What is the hundreds digit of v?
4
Let m(p) = -23*p + 13. Let c(g) = g + 1. Let r(s) = 63*s - 44. Let l(q) = -6*c(q) - r(q). Let o(a) = -6*l(a) + 17*m(a). What is the units digit of o(4)?
5
Let x be ((-22)/(-33) + 2/(-3))/(-2). Suppose 6*o - 5*o = x. Suppose 2*v + o*w + 2*w - 490 = 0, 988 = 4*v - 4*w. What is the hundreds digit of v?
2
Suppose 100*u = 95*u + 6020. Let t = -691 + u. What is the hundreds digit of t?
5
Let m = -30 - -36. Let d(s) = -132*s - 16 + m + 144*s. What is the tens digit of d(9)?
9
Let f = 70 - 65. Suppose 3*d - 4*b - 2 = d, -f*d + b = -14. Suppose -5*k - 171 = -d*a + 104, -2*k = 3*a - 310. What is the tens digit of a?
0
Let f(u) = -54*u + 4. Suppose 4*i + 12 = 10*i. Suppose 3*p - 3 = 5*m - 9, -m - 4 = i*p. What is the hundreds digit of f(p)?
1
Suppose 0 = -252*a - 1088694 + 13803102. What is the ten thousands digit of a?
5
Let u(k) = 10235*k - 576. What is the tens digit of u(2)?
9
Let c(h) = 3*h + 2. Let n(b) be the third derivative of b**4/12 - 5*b**3/2 - 14*b**2. Let i be n(10). What is the units digit of c(i)?
7
Suppose 0 = -m + 12 + 9. Let l = -9 + m. Suppose -3*i + l + 0 = 0. What is the units digit of i?
4
Suppose 4055 = -2*d - 5*p + 13245, 13802 = 3*d - p. What is the tens digit of d?
0
Let z(f) = -32*f + 199. Let v = -144 - -125. What is the tens digit of z(v)?
0
Suppose 7*d - 6*d + 3*k = 28078, -140390 = -5*d - 5*k. What is the thousands digit of d?
8
Let n(w) = 83*w**2 - w - 137. What is the tens digit of n(-10)?
7
Suppose -38*o + 3371225 = 287*o. What is the tens digit of o?
7
Suppose -36*c = -29*c - 56. Let n(j) = -8*j + 122. What is the units digit of n(c)?
8
Let f(m) = -7 - 92*m + 46*m - 11 - 70. What is the tens digit of f(-13)?
1
Suppose -2*o - 2*j = -17232, o = 58*j - 54*j + 8646. What is the thousands digit of o?
8
Let p = -41 - -35. What is the units digit of (-1850)/p - (-2 + (-48)/(-36))?
9
Let i be (-5 - -8) + (-3)/(0 + -1). Suppose -i*d - 891 = 3*d. Let c = -31 - d. What is the units digit of c?
8
Suppose 0 = -3*l + 2*y + 6 - 2, 2*l - 9 = -5*y. Suppose -l*r - 33 + 107 = 0. Let u = 80 - r. What is the tens digit of u?
4
Let h = -351 + 351. What is the hundreds digit of 20/(-35)*-7 + 611 + h?
6
Let a(w) = 42*w**2 + 24*w - 147. What is the thousands digit of a(10)?
4
What is the units digit of ((-27131)/(-468)*-20)/(1/(-9))?
5
Suppose 0 = -361*u + 410*u - 616371. What is the thousands digit of u?
2
Let a be (-688)/(-144) + -5 -